682*t + 3 - 1331*t. Let v be 1 - (-1 - (-1 + -5)). Determine b(v).
7
Let s = -416 - -418. Let c(k) = 6*k - 3*k**3 + s*k**3 + 27*k**2 + 19*k**2 - 42*k**2. What is c(5)?
5
Let w(f) be the first derivative of -9*f**2 + 214*f + 2104. Give w(12).
-2
Let p(d) = -d**2 - 28*d + 65. Let o = 343 - 373. Let y be p(o). Let u(l) = -l**3 + 6*l**2 - 7*l + 4. What is u(y)?
-6
Suppose 0 = 127*d + 93 - 347. Let j(w) = -6*w + 3. Give j(d).
-9
Let h(t) = -8*t**2 + 15*t + 3. Let m(a) = -32*a**2 + 65*a + 13. Let y(n) = 13*h(n) - 3*m(n). Let s(b) = b**2 + 7*b + 7. Let v be s(-6). Give y(v).
-8
Suppose 0 = -4*p + 2*i + 62, 6*p = -0*p + 5*i + 91. Let j(h) = h**3 - 16*h**2 - 3*h + 65. Calculate j(p).
17
Let x(o) = -54 - 51*o**2 + 145*o**2 - 51*o**2 - 48*o**2 - 251*o. Give x(-50).
-4
Let t(r) = -2*r**2 - 5*r - 2. Let b = -815 - 4. Let v = -825 - b. What is t(v)?
-44
Let c(z) = -z**3 - 11*z**2 - 22*z - 20. Suppose -45 = 5*l - 2*v, -5*l + 812*v = 811*v + 45. Determine c(l).
16
Let x(y) = 3*y - 3*y + y + 4*y - 3438 + 3376. Give x(13).
3
Let i be 612/765*(-10)/(4 + -2) - 4. Let m(n) = 5*n - 24. Let l(h) = -2*h + 12. Let o(t) = 9*l(t) + 4*m(t). Determine o(i).
-4
Let p(d) = -3*d**2 - d + 1. Let a(c) = 7*c**2 - 10*c + 5. Let x(k) = -a(k) - 2*p(k). Let q = 41 - 117. Let o be q/(-6) - (-14)/(-21). Calculate x(o).
-7
Let v(b) = -b**2 + b - 1. Suppose 3*j + 7 - 32 = 5*i, 2*i + 10 = j. Let q be j*((-5)/2)/5. Suppose -4 = -4*g - q. What is v(g)?
-1
Let s(b) be the second derivative of b**5/30 - b**4/8 - 141*b**2/2 - 5*b + 16. Let k(c) be the first derivative of s(c). What is k(3)?
9
Let x be 3 + 96 + (-2 - 1). Let v = x - 94. Let l(z) = 8*z - v*z**2 + 0*z**2 + z**3 - 2*z**3 + 6*z**2 - 7. Determine l(5).
8
Let s(u) = -u**2 - 9*u + 9. Suppose 5*k = 5*m + 2365, -341 - 1546 = 4*m - 3*k. Let a = -475 - m. What is s(a)?
23
Let m = 21 + -29. Let k be (0 - 1 - 0)/(m/(-40)). Let u(z) = -14*z + 9. Let h(b) = 3*b - 2. Let t(v) = -11*h(v) - 2*u(v). Calculate t(k).
29
Suppose -p - 4*n = 16 + 6, -16 = p + n. Let v(q) be the first derivative of -q**4/4 - 14*q**3/3 - 9*q + 329731. Calculate v(p).
-9
Let o(y) = 7*y + 13*y + 11*y - 34*y - 67 + 10*y. Determine o(18).
59
Suppose 0 = 18*q + 1925 - 215. Let t = q + 105. Let d(z) = -z**3 + 11*z**2 - 12*z + 10. Give d(t).
-10
Let s(k) = -30*k + 1202. Let j be s(40). Let y(o) = -2*o**2 - 2*o**2 - o - 3 + 8*o**2 + 7. Calculate y(j).
18
Let q(p) = 9*p**2 + 74*p + 14. Let g(m) = -11*m**2 - 96*m - 15. Let b(o) = 4*g(o) + 5*q(o). Determine b(5).
-35
Let w be (52/24*-8)/(2/21). Let z = -178 - w. Let r(c) = -c - 2 + 0 - c + c. Determine r(z).
-6
Let k(l) = 20*l**3 - 13*l**2 - 9*l + 19. Let w(j) = 9*j**3 - 6*j**2 - 5*j + 9. Let i(m) = 4*k(m) - 9*w(m). Give i(3).
13
Let d(i) = 16*i**3 - i**2 + i + 1. Let g be (12/(-15))/((42/15)/7). Let p be ((-26)/(-4))/13*g. Give d(p).
-17
Let c be (10/3)/((-65)/15 + 4). Let a(j) = -7*j**3 - 10*j**2 + 2 - 6 + 1 + 6*j**3. Calculate a(c).
-3
Let n(i) = i**3 - 9*i**2 + 4*i. Let w(r) = -r**3 + 10*r**2 - 5*r. Let k(d) = -5*n(d) - 4*w(d). Let h = -89 + 87. Let q = h + 6. Calculate k(q).
16
Suppose 0 = 4*o - 5*c - 29, 9 = 2*o + 6*c - 3*c. Suppose o*z = -11 + 17. Suppose -1 + 0 = 4*d + u, u = -3*d - z. Let p(r) = -r**2 - r - 4. Give p(d).
-4
Let p(q) = -43 + 1557*q + 1551*q - 3101*q. Give p(11).
34
Let d(k) = 2*k**3 + 5*k**2 - 2*k + 1. Let z(w) = 13*w**3 + 41*w**2 - 12*w - 154. Let h(b) = 6*d(b) - z(b). Calculate h(-9).
-2
Let b(h) = 31*h**2 + h + 6. Let t(a) = 14*a**2 + 4. Let p(m) = 3*b(m) - 5*t(m). What is p(-2)?
84
Suppose 32 = -4*n - 4*g, -5*n = g + 20 + 16. Let a(m) be the second derivative of 1/6*m**3 + 6*m**2 - 40*m - 1. Calculate a(n).
5
Let y(s) = -5*s**3 - 9*s**2 - 9*s + 13. Let b(u) = -2*u**3 - 5*u**2 - 5*u + 7. Let w be -1 + (-12 - 3) - -5. Let g(v) = w*b(v) + 6*y(v). Give g(-1).
9
Let n(t) = 4*t + 72155*t**3 - 2 + 6*t**2 - 3*t - 72156*t**3 - 6*t. Calculate n(3).
10
Let n(j) be the first derivative of j**4 + 8*j**3/3 + 6*j**2 - 24*j - 37. Let a(b) = -b**3 - b**2 - 3*b + 6. Let l(w) = -9*a(w) - 2*n(w). Determine l(7).
15
Suppose 3*m - 94 = -76. Let s(z) = -8*z - z**3 - 2*z**2 + 2 - z**2 + m*z. What is s(-3)?
8
Let k(v) be the second derivative of 4/3*v**3 - 1/60*v**5 + 0 - 7/2*v**2 + 16*v + 1/6*v**4. Let n(a) be the first derivative of k(a). What is n(6)?
-4
Let k(n) = -7*n + 1023 - 512 - 511. Calculate k(2).
-14
Let x(f) = -83 - 14*f**2 + 11*f**2 + 4*f**2 + 26*f. Let w be x(-29). Let o(d) = -d + 4*d**2 + 2 - d**3 - 1 - 2. Calculate o(w).
-5
Let c be ((-68)/136 - (1 + -4))*16/(-5). Let f(s) = s**3 + 9*s**2 + 11*s - 6. What is f(c)?
-30
Let v be ((-6)/(-9))/(-7 - (-1536)/216). Let o(m) = 8*m - 1. Let x(d) = -23*d + 4. Let q(l) = 17*o(l) + 6*x(l). Give q(v).
-5
Let j(d) = -2*d + 2. Let f(t) = -t + 10*t - t**2 + 0*t**2 + 26 + 12*t. Let o be f(22). Give j(o).
-6
Suppose -3*o = -0*o + m - 8, 2*o + 4*m - 12 = 0. Suppose -2*u = -2*t + 4, u + 18 = 3*t + o*u. Let l(c) = 0 + t + 0 - 2 - c. Determine l(6).
-3
Let p be -8 - 10 - (-2 + -11). Let d(x) = -x**2 - 1. Let i(k) be the third derivative of -k**5/20 - 5*k**4/24 + k**2. Let q(y) = -2*d(y) + i(y). Give q(p).
2
Let p = -13211 + 13217. Let u(f) = f**3 - 4*f**2 - 14*f + 3. Determine u(p).
-9
Let p(k) = 2*k - 29. Suppose 34*m + 54 = 251 + 109. Determine p(m).
-11
Let c(y) = -y**2 - 5*y + 38. Let i(g) = -g**2 + 48*g - 568. Let s be i(28). What is c(s)?
14
Suppose 0 = -9*k + 18*k. Let a be (-1 - 1)*(k + (-5)/2). Let g(i) = -2*i**2 - 7*i - 2. Let h(w) = 3*w**2 + 8*w + 3. Let f(l) = 4*g(l) + 3*h(l). What is f(a)?
6
Let t(l) be the second derivative of -7*l**3/6 - 35*l**2/2 - l - 10. Calculate t(-7).
14
Let f be 3 + 1 - (-7)/(7/4). Let a(o) = f - o + 19 - 20. Calculate a(0).
7
Let r(t) = -t + 9*t**2 - 2*t**2 + 7*t**2 - 1. Let x be (513/38)/((-1)/2). Let s(m) = m + 26. Let f be s(x). Determine r(f).
14
Suppose w - 31*y + 33*y - 8 = 0, 0 = 2*w - 3*y + 26. Let p(j) = -j**3 - 8*j**2 - 2*j - 10. Let v be p(-8). Let f(l) = 2 - v + 4 + 5 + 2*l. Determine f(w).
-3
Suppose -27*x = -25*x + 30. Let c(y) = -2*y**2 - 29*y + 12. Determine c(x).
-3
Let u(a) be the third derivative of a**8/20160 - a**7/504 - a**6/120 - 7*a**5/60 + 5*a**4/24 - 151*a**2. Let r(l) be the third derivative of u(l). Give r(10).
-6
Let a(t) = 2*t**2 + 4*t - 7. Suppose -5*c = 0, -36*x - 2*c - 20 = -40*x. Give a(x).
63
Let i(s) = 2*s - 3. Let q be i(3). Let r(f) = 8*f + 0*f - q*f - 4. Let j be r(0). Let l(c) = c**2 + 6*c + 3. Give l(j).
-5
Let x(l) = -3*l**3 - 51*l**2 + 52*l - 39. Let h be x(-18). Let d(z) = 6*z + 14. Give d(h).
-4
Suppose -b + 11 = 3*v, 0*v + 4*v - 8 = 0. Let w(q) be the first derivative of q**4/4 - q**3 - 3*q**2 - 4*q - 19967. What is w(b)?
16
Let k(o) = 45. Let j(f) = -f + 78. Let y(i) = 3*j(i) - 5*k(i). Let t(x) = -x - 1. Let g be t(-14). Suppose -7 = h - g. Calculate y(h).
-9
Let a(b) be the third derivative of b**9/60480 + b**8/4032 + b**6/240 + 9*b**5/20 + 17*b**2. Let i(w) be the third derivative of a(w). Give i(-5).
3
Let b = 10 + -14. Let p be ((-68)/51)/(b/6). Let u(z) = 0 - 8*z**p + 2*z**2 + 5*z**2 - z - 3. What is u(0)?
-3
Let h(s) = s**2 - 8*s + 8. Let l = -181 - -187. Give h(l).
-4
Suppose 14*p - 2*z + 5 = 9*p, -z - 17 = 4*p. Let q(h) = h**2 - 2*h - 9. What is q(p)?
6
Let z(w) = -19*w**2 - 10*w + 19. Let o(c) = -5*c**2 - c + 2. Let b(y) = -4*o(y) + z(y). Determine b(10).
51
Let y = -1226 - -1226. Let d(g) be the third derivative of g**4/24 + 5*g**3/6 + 4*g**2. Give d(y).
5
Let k(w) be the third derivative of -w**5/60 + 13*w**4/24 - 9*w**3/2 - 2883*w**2. Calculate k(9).
9
Suppose -21*d = -38*d + 17. Let r(l) = 9*l**2 + 5*l + 2. Let x(i) = 10*i**2 + 6*i + 3. Let b(s) = 4*r(s) - 3*x(s). Give b(d).
7
Let u(j) = 15*j**3 - 10*j**2 + 3*j - 2. Let q(k) = -2*k**3 + 2*k**2. Let m(g) = -7*q(g) - u(g). Determine m(-4).
14
Let o(d) = -2. Let n(f) = -6*f + 20. Let p(y) = n(y) + 9*o(y). Determine p(1).
-4
Let b(t) = -2*t**2 + 3*t + 3. Suppose 5*f - 26 = s, -4*s + 4*f = -38 + 46. Determine b(s).
-17
Let a be 5/((-70)/175*(-5)/4). Let x(i) be the second derivative of -i**4/12 + 11*i**3/6 - 3*i**2/2 - 136*i. What is x(a)?
7
Let a be ((-2752)/80 + 35)*10/3. Let u(i) = -i**2 + i - 1. Suppose 0 = r + 1. Let t(m) = -5*m**2 + 2*m - 1. Let b(q) = r*t(q) + 2*u(q). Calculate b(a).
11
Let s(v) be the third derivative of 0*